 6274. Give n(7).
-121
Let n(g) = -6058*g + 14937. Give n(3).
-3237
Let a(j) = 1454*j + 265945. What is a(-183)?
-137
Let x(f) = -f**2 + 117*f + 25028. Give x(-110).
58
Let o(l) = l**2 - 219*l - 14905. Calculate o(274).
165
Let q(p) = 7336*p - 344795. Calculate q(47).
-3
Let w(s) = 758*s - 15915. Determine w(21).
3
Let t(z) = 7494*z + 269770. Determine t(-36).
-14
Let f(g) = -50*g**2 + 60*g - 20. Determine f(1).
-10
Let q(m) = 37695*m + 866973. Calculate q(-23).
-12
Let y(r) = 19*r**2 - 4603*r - 3450. Calculate y(243).
-48
Let f(o) = o**3 - 1129*o**2 - 39542*o + 31. Calculate f(-34).
31
Let h(b) = b**2 + 201*b - 18327. Give h(67).
-371
Let w(z) = 733560*z + 6602041. Give w(-9).
1
Let v(p) = -p**3 - 36*p**2 + 14*p - 868. What is v(-37)?
-17
Let b(j) = 86*j**2 + 2662*j + 223. Calculate b(-31).
347
Let f(l) = l**2 + 14403*l - 187123. Calculate f(13).
285
Let n(d) = d**3 + 89*d**2 + 167*d - 583. Calculate n(-87).
26
Let g(l) = -16*l - 3540. What is g(-221)?
-4
Let f(a) = -9067*a + 344548. Calculate f(38).
2
Let t(p) = -2*p**3 - 55*p**2 + 4228*p + 117585. What is t(-28)?
-15
Let w(d) = -931*d - 21405. Determine w(-23).
8
Let w(v) = -v**3 + 1506*v**2 + 18252*v + 389. Calculate w(-12).
-43
Let a(m) = m**2 - 940*m + 27234. Calculate a(30).
-66
Let i(s) = 10*s**2 + 1467*s + 23149. Determine i(-16).
2237
Let j(m) = 21*m**2 + 392611*m - 392612. Give j(1).
20
Let w(i) = 3*i**2 - 19153*i - 596621. Give w(-31).
5
Let b(p) = -p**2 - 1998*p - 507997. Calculate b(-299).
4
Let t(i) = 19153*i - 210678. What is t(11)?
5
Let m(u) = -3*u**3 - 121*u**2 - 993*u + 1125. Give m(-28).
-79
Let k(x) = -50339*x - 5386283. Determine k(-107).
-10
Let u(f) = f**3 + 57*f**2 + 114*f + 118. Give u(-55).
-102
Let d(k) = -2*k**2 - 124*k - 1488. What is d(-59)?
-1134
Let h(j) = 51*j**2 - 441*j - 166. Determine h(9).
-4
Let l(u) = -u**3 + 41*u**2 + 21*u - 119. What is l(42)?
-1001
Let m(v) = 4980*v - 567583. What is m(114)?
137
Let i(m) = m**3 + 65*m**2 - 118*m + 917. Calculate i(-67).
-155
Let a(n) = -n**3 + 43*n**2 + 1426*n + 102. Calculate a(65).
-158
Let k(b) = b**2 - 10*b + 64. Determine k(47).
1803
Let g(t) = -6*t**2 - 105*t + 545. Give g(5).
-130
Let j(v) = -v**2 - 140*v + 19038. Determine j(87).
-711
Let x(m) = 89079*m + 4008545. Give x(-45).
-10
Let r(l) = l**2 - 1662*l - 23347. Determine r(-14).
117
Let j(m) = 119772*m - 1317499. Calculate j(11).
-7
Let j(c) = c**3 + 141*c**2 - 2771*c - 13449. Calculate j(-158).
-19
Let r(q) = 9669*q + 87074. Give r(-9).
53
Let c(r) = r**3 + 78*r**2 + 1222*r + 62568. Determine c(-73).
7
Let s(f) = f**3 - 481*f**2 + 3325*f - 3324. Calculate s(474).
-6
Let g(h) = -4*h**2 - 1017*h + 17160. What is g(-270)?
150
Let t(h) = -486086*h + 2430456. Calculate t(5).
26
Let a(t) = -2*t**2 + 151*t + 15277. Give a(133).
-18
Let q(j) = -1025*j + 111783. Determine q(109).
58
Let k(a) = -10933*a**2 + 10970*a - 43. Calculate k(1).
-6
Let h(l) = -562*l + 702. What is h(-2)?
1826
Let p(q) = 25*q**3 + 152*q**2 + 17*q - 1. Calculate p(-6).
-31
Let o(l) = 658*l - 3274. Determine o(5).
16
Let t(u) = -u**3 - 189*u**2 - 7648*u + 2726. What is t(-130)?
-134
Let s(u) = -3*u**3 + 7*u**2 - 6393*u + 12784. Determine s(2).
2
Let h(g) = -2*g**3 + 49*g**2 + 1021*g - 8856. Give h(7).
6
Let i(y) = y**3 + 183*y**2 + 912*y + 132844. What is i(-182)?
-16
Let m(f) = f**3 - 294*f**2 - 3674*f + 4113. What is m(-13)?
-8
Let b(f) = -845*f - 24767. What is b(-29)?
-262
Let i(n) = 12147*n + 205292. What is i(-17)?
-1207
Let x(k) = 436*k + 27616. Calculate x(-67).
-1596
Let a(q) = 1788*q + 12371. Calculate a(-7).
-145
Let c(o) = -250*o**2 - 4230*o - 124. Give c(-17).
-464
Let a(x) = x**3 - 54*x**2 + 161*x + 70. What is a(51)?
478
Let x(l) = 3*l**2 - 2262*l - 30028. Determine x(-13).
-115
Let t(n) = n**2 + 233*n - 266708. Calculate t(413).
90
Let y(b) = -3500*b + 26978. Calculate y(8).
-1022
Let d(n) = -46*n**3 + 47*n**2 - 212*n + 212. Calculate d(1).
1
Let p(c) = -17310*c + 1419442. Determine p(82).
22
Let b(n) = n**2 + 145*n - 19865. Give b(-231).
1
Let d(a) = -a**2 + 5542*a + 44420. Give d(-8).
20
Let r(y) = -11*y**2 - 100*y - 1007. Calculate r(-10).
-1107
Let t(a) = a**3 - 44*a**2 - 146*a + 1992. Determine t(46).
-492
Let f(q) = q**3 - 85*q**2 - 840*q - 499. Calculate f(94).
65
Let a(c) = 29*c - 6674. Calculate a(231).
25
Let o(g) = 32918*g + 230441. Give o(-7).
15
Let f(z) = -1916*z - 159007. What is f(-83)?
21
Let h(p) = 17*p**2 + 385*p + 1066. Determine h(-22).
824
Let u(s) = 3*s**2 - 244*s - 2326. What is u(93)?
929
Let z(c) = c**3 + 7*c**2 - 15*c + 29. Give z(-9).
2
Let c(y) = -69*y + 3009. Give c(24).
1353
Let h(c) = c**3 - 37*c**2 + 206*c - 19. Calculate h(30).
-139
Let n(z) = 44*z**2 + 713*z + 2860. Calculate n(-9).
7
Let a(h) = 26416*h - 158426. Determine a(6).
70
Let v(l) = -l**3 - 123*l**2 + 103*l - 2609. What is v(-124)?
-5
Let v(t) = -t**3 - 60*t**2 + 34*t - 1588. What is v(-61)?
59
Let b(v) = 650*v + 3362. What is b(-6)?
-538
Let x(r) = -r**3 - 8*r**2 + 194*r - 2465. Determine x(-22).
43
Let q(d) = -3893*d - 225763. Determine q(-58).
31
Let y(m) = -m**3 + 107*m**2 - 1343*m - 3206. Calculate y(17).
-27
Let c(s) = 10329*s + 1466709. Determine c(-142).
-9
Let v(p) = -858*p + 23146. What is v(27)?
-20
Let g(r) = -r**3 - 6*r**2 - 716262*r - 2865027. Give g(-4).
-11
Let t(v) = -1322113*v + 3966367. Determine t(3).
28
Let p(v) = -114*v - 53335. What is p(-468)?
17
Let t(f) = -2*f**3 - 224*f**2 - 1017*f + 5655. What is t(-107)?
-16
Let h(p) = 2*p**3 - p**2 - 349*p + 1835. Give h(6).
137
Let l(z) = -1968*z - 55069. Determine l(-28).
35
Let v(s) = 6*s**2 + 163*s + 693. Give v(-5).
28
Let z(o) = -2*o**3 + 40*o**2 - 137*o - 557. Determine z(13).
28
Let g(t) = 330323*t + 330472. What is g(-1)?
149
Let t(w) = w**2 - 2475*w + 463286. Determine t(204).
2
Let c(s) = 4963*s - 2352446. Calculate c(474).
16
Let r(g) = -21*g**3 + 2974*g**2 + 2976*g. What is r(-1)?
19
Let n(z) = 14*z**2 - 436*z + 986. Determine n(29).
116
Let f(o) = -o**2 - 55623*o + 11108585. Give f(199).
7
Let a(g) = 27225*g - 462759. Give a(17).
66
Let f(i) = 3*i**2 - 12*i + 2025. Give f(20).
2985
Let a(h) = -7479*h + 74538. Give a(10).
-252
Let u(f) = 3*f**3 + 161*f**2 - 230*f - 233. Determine u(-55).
317
Let w(z) = -200*z + 8545. What is w(44)?
-255
Let w(q) = -50*q**2 + 125*q + 504. Give w(-5).
-1371
Let b(r) = -r**3 + 275*r**2 + 592*r - 10259. Determine b(277).
267
Let r(l) = -l**2 + 3784*l - 205111. Calculate r(55).
-16
Let c(q) = -q**3 + 28*q**2 + 845*q + 300. What is c(-18)?
-6
Let g(b) = -4*b**3 - 34*b**2 - 67*b - 401. Determine g(-8).
7
Let k(i) = 12765*i + 21700508. What is k(-1700)?
8
Let i(q) = -3*q**3 + 89*q**2 - 47*q - 2352. Calculate i(28).
252
Let j(b) = 60*b**2 - 5253*b - 2343. Calculate j(88).
33
Let n(s) = s**2 + 224*s + 11813. Give n(-85).
-2
Let u(x) = -137*x + 14511. Give u(98).
1085
Let r(x) = -31105*x - 279928. What is r(-9)?
17
Let c(t) = -7*t**3 - 42*t**2 + 129*t + 6. Give c(3).
-174
Let p(z) = -z**2 + 448*z - 7379. What is p(17)?
-52
Let p(z) = 3*z**3 - 1112*z**2 + 5129*z - 1970. Calculate p(366).
-140
Let x(k) = 110764*k - 1329171. Calculate x(12).
-3
Let c(i) = -2*i**3 + 95*i**2 + 970*i + 16. Calculate c(56).
1024
Let o(x) = 1235*x + 207541. What is o(-168)?
61
Let s(d) = -d**2 + 2782*d + 1436046. Determine s(-445).
31
Let w(l) = -l**2 + 37267*l - 298126. Give w(8).
-54
Let a(u) = -u**2 - 108*u + 5886. Calculate a(49).
-1807
Let g(d) = d**3 + 162*d**2 + 589*d - 5439. Calculate g(-158).
1355
Let r(v) = 1105*v - 12073. Calculate r(12).
1187
Let z(a) = -a**3 - 129*a**2 - 264*a - 1175. Calculate z(-127).
95
Let u(y) = 2672*y - 56033. Determine u(21).
79
Let p(z) = z**2 - 84*z - 1368. Determine p(96).
-216
Let w(l) = 2*l**2 - 231*l - 3089. Calculate w(-12).
-29
Let g(w) = 483*w + 8168. What is g(-17)?
-43
Let g(j) = j**2 - 229*j - 85770. Determine g(-200).
30
Let o(k) = -131687*k + 1316882. Give o(10).
12
Let w(d) = d**3 + 420*d**2 + 18532*d + 11820. Calculate w(-370).
-20
Let g(b) = -13*b**2 - 158*b - 606. Calculate g(-6).
-126
Let t(h) = 59*h**2 + 1299*h + 5655. Calculate t(-16).
-25
Let t(o) = 698*o - 20941. Give t(30).
-1
Let z(f) = -5609*f + 409417. Calculate z(73).
-40
Let x(u) = -2706*u**2 + 78476*u - 55. Calculate x(29).
3
Let j(o) = 3*o**3 + 24*o**2 + 2*o - 196. Determine j(5).
789
Le